Calculate (3 + -12 - ((-1 - 1) + -2)) + 6.
1
What is the value of 9 + 1 - -4 - (2 - (11 + -6))?
17
Evaluate -20 - (5 + -15 + -18).
8
What is 26 + -7 + -44 + 7?
-18
What is -14 + 10 + 24 - 28?
-8
Evaluate -8 + 3 + -1 - (-106 - -95).
5
Calculate 26 + (-2 - (-2 + 4)) - 8.
14
What is -10 - -3 - -37 - 19?
11
What is 38 + 17 + -68 + 2 + 20?
9
What is the value of 4 + (9 - -1) + (-13 - 1) - -11?
11
What is 98 - 99 - (-2 - 4)?
5
-7 - (-3 + 17 + -30)
9
2 + 5 + 6 + (10 - 17)
6
What is -15 + (-2 - -3) + (4 - (6 + 7))?
-23
Calculate 4 + -3 + -4 + 4 - (-112 - -145).
-32
-16 - (-31 + 1 - (-319 - -304))
-1
Evaluate (2 - 16 - 0) + (23 - 17).
-8
-4 + 4 + (32 - 44)
-12
What is 2 - (-4 + -1) - 5 - 5?
-3
Calculate (37 - (6 + 11)) + -37.
-17
Evaluate 4 + 0 + (-9 - -3) - (4 + -6).
0
Evaluate (-2 - (-1 + 23)) + (4 - -9 - 9).
-20
Calculate -8 - (3 + 16 + -9 + -19).
1
Evaluate 15 + (-9 - 1) - -1.
6
Evaluate 29 - (31 + 15) - (-7 - -3).
-13
Evaluate 23 + -15 + -9 + -7 + 2 + -11.
-17
Calculate -22 + (4 - -17) - (4 + -10).
5
Calculate -12 - ((-82 - -87) + (-1 + 2 - 5)).
-13
Evaluate -24 - (6 + -5 + (-1 - (-7 + 5))).
-26
Calculate (1 - -2) + (21 - (-15 + (59 - 18))).
-2
What is (9 + 6 + -25 - (-3 - 0)) + 9?
2
What is -12 + (-22 - (22 + -7 + -31))?
-18
What is the value of (-4 - (1 + -10)) + 4 - (17 + 3)?
-11
What is (5 - 1) + -1 + (8 - 9)?
2
Evaluate -32 + -6 + -2 + (8 - 1) + -2.
-35
Evaluate (0 - 2 - 1) + 9 + 7 + -5.
8
Evaluate 11 - (-12 - -9) - 1.
13
(-8 - (5 + -2)) + 7 + 8
4
Evaluate -1 + (32 - (72 - 12)).
-29
What is 24 + -5 + 0 + -8 - 40?
-29
What is the value of -13 + 25 + 24 - (-3 + 13)?
26
Evaluate -2 + -3 + 29 + -5 + -7.
12
Calculate (10 - -6) + (-30 - -7).
-7
What is the value of 5 - -1 - (-223 - -239)?
-10
-4 + (6 - ((-4 - -5) + -11))
12
Evaluate -14 - -6 - (26 + -32) - -17.
15
What is the value of 5 + 1 + (-8 - (13 + -10)) + 5?
0
(-4 - -2) + 17 + (-1191 - -1154)
-22
Calculate (-1 + -10 - -12 - 13) + 19.
7
-7 - 1 - (48 - 50 - (-9 + 3))
-12
Calculate -1 - (-18 + (2 - -30)).
-15
-1 - 29 - (-49 + 63 + -29)
-15
7 + 8 + -5 - (-5 + 4)
11
-10 + (12 - -1) - 3 - 8
-8
What is (14 - 11) + (-23 + 20 - (-1 - -1))?
0
What is the value of (42 - 40) + -5 + 4 + (0 - 1)?
0
Calculate 28 + 25 + -20 + -11.
22
Evaluate -28 + 55 - (-18 + 57).
-12
Calculate (8 - (0 - -2)) + -20.
-14
What is 16 + (-32 - -15) - -15?
14
(-501 - -508) + (-1 - 2)
4
What is 14 + (14 - 3 - 3 - 22)?
0
42 + -14 + -13 - 19 - (-8 + 0)
4
What is the value of -28 + 90 + -53 + -1 + 0 + 0?
8
What is the value of -16 + 1 + 1 + -2 + 5 + 1?
-10
-31 + (52 - (17 - -27))
-23
Calculate -6 + 21 + 4 - (-1 - 0 - 7).
27
What is 4 - (-23 + 8 - -22)?
-3
Evaluate -6 - -13 - (4 + 27).
-24
-178 + 173 + 20 + (1 - 1)
15
What is 16 + -28 - -11 - (2 - 1)?
-2
What is -4 - 1 - -5 - -2?
2
Calculate (14 - (22 + -19)) + -32.
-21
What is the value of -8 - (5 - (2 - -17))?
6
Calculate -38 - (-13 + -6 + -20).
1
-3 + -5 + 2 - (20 + (-17 - -1))
-10
What is the value of (8 - (-2 - -5 - -6)) + -5?
-6
What is the value of 6 + -7 + 4 - (12 + -9 - 4)?
4
Evaluate (88 - 82) + 3 + 12.
21
What is the value of -6 + (4 - 11) + -1 + 1?
-13
Calculate -20 - (9 - 9) - (0 + 1 + -2).
-19
Evaluate -5 - 2 - (-2 - 10).
5
283 + -291 - (-11 + 4 + -1 + 1)
-1
-5 - (-38 - -42 - (-2 - -1))
-10
Calculate 9 + 0 + (12 - (5 + 4)).
12
2 + 2 + 0 + -2 + -5 + -14
-17
Evaluate 6 + -13 - (-2 + -9 + 6).
-2
What is the value of (14 - 16) + (-6 + -4 - -5)?
-7
What is the value of -73 - -68 - (0 - -9)?
-14
Evaluate -5 + (10 - 10) + (1 + 1 - 1).
-4
-8 + (46 - 21) + -32
-15
Calculate -15 + (-123 - -127) + (-13 - 1) + 17.
-8
(19 + -23 - -5) + (2 - 12)
-9
Evaluate 19 + (-15 - -2) + -3.
3
Evaluate 1 + -26 - (-384 - -351).
8
What is the value of 9 + -7 + -4 + 15 + 15 + -7?
21
What is the value of -2 - (1 + 0 + (13 - 8 - -2))?
-10
What is -2 + 17 - ((-10 - -32) + -10)?
3
Evaluate 3 + (-33 - -17 - (-8 - 0)) + -8.
-13
What is -1 - ((-58 - -55) + 4 + 1)?
-3
What is 18 + -2 + -12 - (-8 - 4)?
16
What is the value of 9 + 1 + 2 + -4 + -39 + 41?
10
What is (1 - 1) + 15 - (3048 + -3031)?
-2
Calculate -2 - 1 - (267 - 275) - -16.
21
-5 - (15 - 14 - 23)
17
What is -11 + -6 + 29 + -3 + -6?
3
Evaluate (-15 - (11 - 25)) + 15 - 39.
-25
Calculate (-7 + 6 - -3) + -10.
-8
Calculate (27 - 34) + -11 + 16.
-2
Evaluate (-5 - (24 - 14)) + 17.
2
What is -13 + 6 + 3 + 26 - 1?
21
What is the value of (-22 - 2) + 3 + 10?
-11
What is 0 - 0 - -12 - 18?
-6
What is the value of (19 - (23 - 8)) + -2 + 13 + -1?
14
What is -22 + ((14 + -11 - -8) + -2 - 11)?
-24
What is the value of -5 + 1 - 0 - (-12 + 8)?
0
-55 + 93 - (-9 + 67)
-20
What is the value of (-30 - 0) + (7 - -1) + -53 + 48?
-27
Evaluate (6 - 20) + 13 + 4 + 10.
13
Evaluate (3 + 10 + -7 - 0) + 2 + 3.
11
What is -14 - (-33 + 57 + -32)?
-6
20 + -14 - (11 - 8 - 8)
11
What is -73 - -37 - (-19 - 0)?
-17
What is the value of -20 + 13 + -17 - -16?
-8
Evaluate -2 + 1 + -12 + (122 - 132).
-23
16 + -35 + 21 + (0 - 16) - 2
-16
Calculate -12 - (-16 - -10) - (5 - -3).
-14
Calculate -17 - (-58 - (-2 - -7 - 18)).
28
What is 5 - (2 - 3) - (7 + (-30 - -28))?
1
Calculate -1 - (6 + -27 + 11 + -9).
18
Calculate 15 - (-6 - (-17 + 7)) - 26.
-15
What is the value of (-15 - (0 - 16)) + -10?
-9
Calculate -4 + (-1 - -5) + 11 + -12 - 9.
-10
Calculate (-49 - -46) + (16 - (3 + -5)).
15
Calculate 2 + -4 - 0 - (17 + 19 + -30).
-8
(-28 - 4) + (5 + -1 - -2) + 7
-19
-5 - -10 - (26 + 0 + 0)
-21
(-8 - -10 - (-9 - -18)) + 33
26
9 + -1 + 7 + -30 + 8
-7
Evaluate -203 + 211 + (1 - 37 - (-2 + 3)).
-29
Evaluate -14 + -22 - 5 - -80.
39
Calculate 6 - (2 + (19 - -3 - 5)).
-13
(0 + -6 - (-19 - -13)) + -5 + -10
-15
What is the value of -3 - (6 + (-7 - (-3 - -1))) - 14?
-18
What is the value of -7 - (-18 + 19 - 4)?
-4
What is the value of (8 + -5 - 2) + (-19 - (-3 + -7))?
-8
22 - (1 - (-37 + 15))
-1
What is (5 - 0) + -16 - (-10 - -9)?
-10
What is the value of (6 - 3) + (7 - 4) - (0 + 3)?
3
Evaluate (-3 - -1) + 6 + 0 + 10 + -16.
-2
Evaluate -214 + 212 - (1 - 1 - -6).
-8
What is 1 + -2 + 84 + -92 + 21?
12
Evaluate (56 - 24) + -44 - (0 - 3).
-9
Calculate -122 + 127 + (-1 - 9).
-5
What is the value of -28 + (15 - 4) + 27 - 33?
-23
What is (-4 - (1 + (-8 - -2))) + -8 + 39?
32
What is the value of 2 + -1 + -12 - -18?
7
Evaluate (-11 - -10 - (3 - -1)) + 7 - -13.
15
What is 1 + (1 - 2 - -5) + (-57 - -56)?
4
-6 + -13 + 4 + 3 + 5
-7
Calculate -38 - (11 - (58 - 12)).
-3
What is -18 + 18 + (3 + 1 - (0 - -4))?
0
What is the value of (3 - 2) + (-5 + 9 - 2) - 29?
-26
55 + -51 + 0 + 1 + -3
2
Evaluate (7 - (-22 - -30)) + (1 - 2).
-2
(7 - 6) + (3 + -4 + 0 - 4)
-4
Evaluate (1 - -12) + (5 - (-16 - -30)) - -24.
28
What is -5 - (-4 - 0 - (0 - (-10 + 6)))?
3
What is 40 - (12 + 0 + -1 + 4 - 4)?
29
What is the value of 210 - 190 - (24 - 3)?
-1
Calculate 1 + 0 + (25 - 30) + (-1 - -3).
-2
(25 - 55 - -20) + 12
2
Evaluate (22 - 18) + (-4 - -3) - -7.
10
Calculate (91 - 85) + (1 - (11 - 0)).
-4
Evaluate (-1 - 14) + -323 + 334.
-4
Evaluate 5 - 1 - (5 + (-1 - -8)).
-8
What is the value of 2 + 1 - (-13 - -36 - (-9 - -17))?
-12
(0 + -4 - -1) + -4 + (-1 - -15)
7
What is (-7 - -6) + 12 - (-13 + 14 + -9)?
19
Evaluate (-1 - -9) + -10 + (-41 - -60).
17
What is the value of -12 + 13 + 8 + -12?
-3
-2 + 14 - (-6 + -12 - -24)
6
Calculate 1 + -1 + (22 - 14).
8
Evaluate 49 + -97 + 58 - (-11 + -1 - 1).
23
Calculate -8 + 3 + -11 - -26.
10
What is 0 + 6 - (-12 + 1 + 2) - 4?
11
Calculate 16 + -2 + -32 + (39 - 2).
19
What is the value of -18 + (-14 + 2 - -20)?
-10
Evaluate 24 + -16 - 21 - -7.
-6
Evaluate -2 + -3 - (-36 + -3 + 11).
23
What is the value of 6 + 0 + -133 + 110 + 16?
-1
What is 1 + -6 + 12 + (-13 - -6)?
0
-9 + -11 - (3 + -7 + 0 + 1)
-17
-6 + 26 - 6 - 41
-27
What is the value of (-1 - 5 - -1) + 0 - (4 + -22)?
13
What is the value of -339 - -349 - (-14 + 2 + 0)?
22
What is the value of 11 + -10 + -6 + -9 + 5?
-9
What is 2 - (-5 + 4 + -8 + 6)?
5
-8 - (4 + -9 + (-2 - 1)) - 18
-18
What is -4 + -9 + 11 + 6 + -7 + 17?
14
878 + -893 + 10 + 2
-3
What is the value of -7 + (-1 - (23 + -11 + -21))?
1
Calculate (12 - (17 + -6) - 5) + -3 + 0.
-7
1 - (4 + -7 + 0 + 8 + -10)
6
What is (4 - 9) + 14 + (-13 - 10)?
-14
What is the value of -69 + 7 - (-71 - -35)?
-26
What is the value of -6 - 1 - -10 - (21 + -25)?
7
What is the value of -18 + (62 + -77 + (1 - -2) - -3)?